 base 10?
1553
101030 (base 5) to base 13
1642
243244 (base 6) to base 8
51754
-1816 (base 12) to base 8
-5522
Convert 2001320 (base 4) to base 6.
102252
What is -907 (base 11) in base 12?
-774
Convert 300303 (base 4) to base 6.
22243
Convert -aba (base 14) to base 12.
-1290
Convert 387 (base 14) to base 6.
3135
Convert 156 (base 7) to base 2.
1011010
Convert 121120 (base 4) to base 8.
3130
What is 2031 (base 4) in base 5?
1031
-54571 (base 8) to base 4
-11211321
What is 64 (base 7) in base 4?
232
What is 20301 (base 5) in base 16?
52e
Convert 1c2 (base 15) to base 16.
197
Convert 10739 (base 10) to base 11.
8083
What is 2332230 (base 4) in base 6?
132300
Convert -1015 (base 8) to base 10.
-525
What is 1400000 (base 5) in base 8?
66735
Convert 1d5a (base 16) to base 10.
7514
What is -17704 (base 10) in base 2?
-100010100101000
-b18b (base 12) to base 5
-1104014
23455 (base 11) to base 5
2040234
Convert -22414 (base 5) to base 12.
-b21
-2b0c (base 15) to base 14
-351b
Convert -211122 (base 3) to base 4.
-21203
-18a (base 13) to base 4
-10123
-1002 (base 4) to base 5
-231
Convert -211441 (base 5) to base 8.
-15721
Convert 2626 (base 13) to base 5.
133230
Convert 210 (base 10) to base 2.
11010010
Convert -2250 (base 7) to base 13.
-4b0
What is 32b (base 13) in base 8?
1040
Convert 10111110110101 (base 2) to base 14.
4645
c0 (base 16) to base 14
da
-4022 (base 7) to base 16
-56c
Convert -15867 (base 9) to base 4.
-2222203
-11001000010110 (base 2) to base 16
-3216
What is -1261 (base 12) in base 8?
-4051
-9517 (base 12) to base 14
-5d19
Convert 112 (base 9) to base 16.
5c
39b (base 14) to base 2
1011010101
Convert 128 (base 12) to base 3.
20112
-2131 (base 8) to base 4
-101121
What is -1e5 (base 16) in base 13?
-2b4
What is -9296 (base 10) in base 12?
-5468
41a (base 12) to base 7
1513
Convert 2022101020 (base 3) to base 5.
2423344
What is -7863 (base 13) in base 7?
-100005
What is 24023 (base 5) in base 8?
3343
What is 1101100 (base 2) in base 4?
1230
64745 (base 9) to base 11
2a251
-110110000011 (base 2) to base 6
-24003
What is -fab (base 16) in base 6?
-30323
Convert 29605 (base 10) to base 8.
71645
-3d53 (base 15) to base 3
-200000020
1010001001 (base 2) to base 10
649
Convert 1601 (base 7) to base 11.
530
22110011 (base 3) to base 11
46a0
What is -547 (base 10) in base 3?
-202021
Convert -11305 (base 6) to base 7.
-4511
What is -15337 (base 8) in base 16?
-1adf
-314 (base 6) to base 9
-141
What is 129c4 (base 13) in base 4?
20131030
What is -135 (base 12) in base 11?
-159
What is -2477 (base 14) in base 10?
-6377
What is 54e (base 15) in base 14?
619
Convert -1310303 (base 4) to base 5.
-214400
30e (base 15) to base 10
689
-a7 (base 13) to base 14
-9b
Convert -155 (base 11) to base 2.
-10110101
What is 22340 (base 5) in base 9?
2162
What is -2c53 (base 14) in base 5?
-223123
What is 19906 (base 11) in base 7?
143542
What is -42c2 (base 16) in base 9?
-25388
Convert -a9a9 (base 13) to base 9.
-35365
What is cc (base 13) in base 6?
440
What is 13150 (base 6) in base 5?
31020
4408 (base 14) to base 2
10110111111000
-50912 (base 10) to base 15
-10142
15135 (base 9) to base 7
42041
Convert 12200 (base 4) to base 13.
260
What is -12b (base 14) in base 8?
-353
1122132 (base 4) to base 2
1011010011110
-311 (base 16) to base 5
-11120
What is 15013 (base 14) in base 4?
30232321
Convert -100000100001 (base 2) to base 5.
-31311
-111002 (base 3) to base 14
-1b3
What is -320422 (base 6) in base 10?
-26078
-243 (base 13) to base 16
-189
What is 21230 (base 5) in base 7?
4125
Convert 2578 (base 9) to base 16.
78e
Convert 23013 (base 8) to base 5.
302424
Convert 3176 (base 12) to base 4.
1110222
What is -1000022 (base 3) in base 6?
-3225
What is 3167 (base 8) in base 3?
2021022
What is 4011 (base 5) in base 10?
506
21110120 (base 3) to base 6
41110
What is -105 (base 8) in base 12?
-59
What is 30354 (base 7) in base 12?
4339
101101111110 (base 2) to base 7
11402
What is 11100001110 (base 2) in base 3?
2110220
4474 (base 8) to base 12
1450
Convert -20860 (base 9) to base 13.
-63a5
Convert -51103 (base 7) to base 11.
-9353
What is 7399 (base 12) in base 15?
3b30
Convert -1023104 (base 5) to base 11.
-11a89
What is -768 (base 12) in base 2?
-10001000000
Convert 478 (base 13) to base 6.
3331
What is -154 (base 7) in base 10?
-88
-2505 (base 10) to base 4
-213021
a779 (base 11) to base 10
14243
Convert 21234 (base 5) to base 10.
1444
Convert 3807 (base 9) to base 11.
2154
What is -15352 (base 8) in base 12?
-3ba2
-21021 (base 3) to base 11
-169
What is -10010001011101 (base 2) in base 13?
-4311
13143 (base 5) to base 2
10000011000
Convert 222010 (base 3) to base 10.
705
7308 (base 12) to base 15
3aab
Convert 12b3 (base 16) to base 2.
1001010110011
Convert -31515 (base 10) to base 13.
-11463
What is 1101012 (base 3) in base 7?
2633
Convert 10011101100 (base 2) to base 13.
75c
What is -102402 (base 6) in base 2?
-10000010100010
122 (base 11) to base 12
101
Convert 7705 (base 11) to base 12.
5a75
22110122 (base 3) to base 2
1100000011101
100010101001 (base 2) to base 16
8a9
Convert 1a1 (base 13) to base 7.
606
-de4 (base 16) to base 7
-13240
1464 (base 8) to base 11
686
Convert 1126 (base 7) to base 8.
634
Convert -8a8 (base 13) to base 7.
-4226
What is -521 (base 14) in base 7?
-2641
What is -420b (base 12) in base 6?
-53215
What is -2e1 (base 15) in base 13?
-3bb
-29b (base 15) to base 3
-211002
Convert 6536 (base 7) to base 2.
100100011010
363 (base 9) to base 8
454
2413 (base 11) to base 12
19b4
Convert 20010 (base 3) to base 5.
1130
What is -66475 (base 8) in base 16?
-6d3d
322 (base 12) to base 5
3313
Convert -1103110 (base 4) to base 14.
-1d2c
What is -1180 (base 13) in base 2?
-100110100110
Convert -1441 (base 8) to base 9.
-1080
Convert -111201113 (base 4) to base 11.
-60258
10303020 (base 4) to base 2
100110011001000
517 (base 10) to base 11
430
27b8 (base 13) to base 5
140403
What is 174 (base 11) in base 3?
21111
What is -6cc (base 14) in base 7?
-3645
a242 (base 11) to base 2
11010100011110
What is -104 (base 15) in base 4?
-3211
Convert -5530 (base 7) to base 10.
-1981
What is 21b (base 13) in base 14?
1bc
12030 (base 4) to base 16
18c
100010010110011 (base 2) to base 10
17587
What is -5ad (base 15) in base 6?
-5544
-5dd (base 15) to base 3
-1211101
Convert -6300 (base 7) to base 3.
-10000200
What is 33132 (base 5) in base 3?
10010220
Convert -186b (base 14) to base 4.
-1010313
-119 (base 14) to base 10
-219
Convert -26255 (base 11) to base 3.
-1220112111
What is 4524a (base 11) in base 6?
1223151
What is 2345 (base 6) in base 11?
478
What is -107166 (base 8) in base 6?
-440502
What is -206 (base 7) in base 3?
-10212
What is 693 (base 14) in base 16?
519
What is -11120020 (base 3) in base 8?
-6377
1016 (base 14) to base 13
1348
-8b1 (base 15) to base 2
-11110101110
What is -109 (base 16) in base 5?
-2030
10d2a (base 15) to base 16
d156
What is 23142 (base 5) in base 14?
876
-4bdf (base 16) to base 6
-225531
What is -1314 (base 5) in base 12?
-155
What is 221112 (base 3) in base 15?
30e
What is -5766 (base 8) in base 4?
-233312
-261 (base 7) to base 3
-12020
-2134 (base 6) to base 3
-200011
What is -12c9b (base 14) in base 12?
-22a21
Convert 10022 (base 3) to base 16.
59
2031 (base 13) to base 5
120214
1110100100 (base 2) to base 16
3a4
What is 2a12a (base 11) in base 13?
165c1
-1001111110010 (base 2) to base 3
-21000010
-287 (base 16) to base 11
-539
-1b7a4 (base 12) to base 4
-21332230
1530 (base 11) to base 14
a09
What is 609c (base 13) in base 8?
31777
What is -1153a (base 13) in base 7?
-161165
10000000011001 (base 2) to base 13
3981
What is -2a4 (base 12) in base 7?
-1126
1725 (base 9) to base 14
6a3
Convert -2000100 (base 3) to base 15.
-67c
45 (base 16) to base 5
234
Convert -111301 (base 4) to base 5.
-21033
What is 1210022 (base 3) in base 11?
a86
What is -2875 (base 13) in base 4?
-1123102
Convert 3330201 (base 4) to base 14.
5c65
Convert 4580 (base 9) to base 7.
12615
-26390 (base 10) to base 13
-c020
-998c (base 13) to base 11
-150a4
-63 (base 8) to base 9
-56
-a23 (base 12) to base 8
-2673
What is -1011101010110 (base 2) in base 6?
-43354
Convert -202200 (base 3) to base 8.
-1056
What is 33021 (base 6) in base 5?
121144
-571 (base 14) 